1 - 5 = -4*d. Let t = 2 - a. Suppose t*q - 66 = -0*q. Calculate the remainder when q is divided by 12.
9
Let i = 53 + -42. Suppose 3*x - 44 = -2*q - x, -3*q + i = -5*x. What is the remainder when 21 is divided by q?
9
Let c = 1057 + -877. Calculate the remainder when c is divided by 41.
16
Calculate the remainder when (18/(-12))/(5/((-4840)/12)) is divided by 64.
57
Let g(p) be the third derivative of -p**6/120 - 3*p**5/10 - 3*p**4/4 - 2*p**3/3 - 9*p**2. What is the remainder when g(-17) is divided by 5?
3
Let m(x) = 5*x - 7. Let d be m(6). Let f = d + -45. Calculate the remainder when 19 is divided by ((-1)/((-2)/f))/(-1).
8
Suppose -26 = -2*j + 8*y - 9*y, -5*j + 64 = 2*y. What is the remainder when 131 is divided by j?
11
Suppose -29 = 5*g - 84. Suppose -10*y + g*y - 13 = 0. What is the remainder when y is divided by 5?
3
Let d = 782 + -768. What is the remainder when 50 is divided by d?
8
Suppose 4*s = -12*o + 15*o + 840, -3*s = -5*o - 619. Calculate the remainder when s is divided by 55.
48
Let u = 16 - 13. Let a be 15 - (3/u + 2). Suppose -4*b = -3*w + 9, -4*w = b + 2*b - a. Calculate the remainder when 8 is divided by w.
2
Suppose 0 = -z + 2*z + 3*f - 24, -2*z + 48 = f. Let w(x) = 3*x**2 + 4*x - 2. Let b be ((-1)/(-2))/(12/120). What is the remainder when w(b) is divided by z?
21
Let l = -1 + 0. Let t = 10 + l. What is the remainder when 50*((75/10)/(-5))/(-3) is divided by t?
7
Let z = -175 + 195. Calculate the remainder when 159 is divided by z.
19
Let s(k) = -4*k**2 - 12*k - 27. Let o be s(-6). Let d = o + 106. Calculate the remainder when 102 is divided by d.
4
Let p = 295 - 193. What is the remainder when p is divided by (-8 - -43) + (-41 + -4)/5?
24
Let v = -34 + 68. Let n = -479 - -492. What is the remainder when v is divided by n?
8
Let r = 82 + -7. Suppose 4*b + r = 371. Let n = -39 - -58. What is the remainder when b is divided by n?
17
Suppose -11*k + 304 = 27*k. Let c(w) = w**3 + 5*w**2 + 3*w - 3. What is the remainder when k is divided by c(-3)?
2
Let d = 74 - 70. Suppose -2*a = -2*h + 50, d*h = -a + 4*a + 103. What is the remainder when 55 is divided by h?
27
Let g be 10/(-4)*156/(-65). Suppose g = 4*j - j. Suppose 5*o + j*y - 5*y - 44 = 0, -4*o + 25 = y. Calculate the remainder when 10 is divided by o.
3
Suppose 2*l + 307 = 5*a, 4*l - 2*l = 2*a - 124. Calculate the remainder when a is divided by 5.
1
Suppose -h + 316 + 260 = 5*o, -3*o + 2*h + 356 = 0. Suppose 556 = 10*f + o. What is the remainder when 85 is divided by f?
41
Let v = -31 + 168. What is the remainder when v is divided by 7?
4
Suppose 8*u - 4*u - 390 = -5*h, -u = 3*h - 101. Suppose 4*v + 4*p - 64 = 0, 2*v + 16 = 3*v + 2*p. Calculate the remainder when u is divided by v.
15
Suppose 4*q - 3*z - 20 = 0, 0*z + 2*z = 5*q - 25. Suppose -4*g + 12 = 0, -3*g - 351 = q*d - 885. Calculate the remainder when d is divided by 18.
15
Suppose 6*k + 152 - 314 = 0. What is the remainder when k is divided by 22?
5
Let z be 0/(-3) + (2 - 0). Let u be 136/(-12)*2*-3. Suppose -5*f + u = z*l - f, -4*f + 16 = 0. What is the remainder when 75 is divided by l?
23
Suppose -104*v = -1160 - 2688. Suppose -y = 30 - 176. Calculate the remainder when y is divided by v.
35
Suppose 5*x - 1 = -2*c + 6, 4*x + 12 = 0. Calculate the remainder when 54 is divided by c.
10
Suppose 5*g = -3*m + 390, 4*g + m = -4*m + 299. Calculate the remainder when g is divided by ((-2)/(-4))/((-2)/(-56)).
11
Suppose 0 = 5*i - 8*i + 30. Calculate the remainder when -4 + 2 + 51/1 is divided by i.
9
Let p(i) = 11*i**2 - 13*i + 6. Let k be p(5). Suppose 0 = -g + 9*g - k. What is the remainder when g is divided by 7?
6
Let a be (-1)/(-4) + 15/4. Let j = 347 - 349. Calculate the remainder when (a + j)*94/4 is divided by 12.
11
Suppose a + 3*c - 267 = 2*c, -4*c = 0. Let w = a + -190. Calculate the remainder when w is divided by 28.
21
Suppose 267*c - 278*c + 187 = 0. Calculate the remainder when 219 is divided by c.
15
Suppose 0*f - 30 = -5*f. Suppose 2*b = 3*w - f*w + 10, 0 = -4*w - 4*b + 20. Suppose -4*x + 371 + 37 = w. Calculate the remainder when x is divided by 26.
24
Let f(q) be the third derivative of -19*q**6/30 + q**5/30 - q**3/6 + q**2. Calculate the remainder when f(-1) is divided by 10.
7
Let m be ((10 - -1) + 1)*3/9. Suppose 0 = -m*w + 2*j + 30, 2*w - 4*w - 4*j = -30. Calculate the remainder when w is divided by 7.
2
What is the remainder when (2 - -36)*(45/6)/5 is divided by 32?
25
Let c(h) = h**2 - 4*h - 2. Let a be c(5). Suppose -s = 5*x - 283, -2*x + 0*s + s = -116. What is the remainder when x is divided by (-17 + -3)*(-3)/a?
17
Suppose -3*y - 3*p + 24 = 0, 0 = -4*p + 10 + 6. Suppose -125 = -3*i + 4*s, y*i = 5*s - 0*s + 165. Calculate the remainder when 67 is divided by i.
32
Suppose -7 = l - 18. Suppose l = -3*c - 1, 0 = -2*n - 4*c - 2. Calculate the remainder when 10 is divided by n.
3
Suppose 2*f - 772 = -5*c, 7*c - 12*c - f + 771 = 0. Calculate the remainder when c is divided by 6.
4
Let p(o) = o + 1. Let g be (-4)/(-8) + (-6)/4. What is the remainder when (3/6)/(g/(-82)) is divided by p(6)?
6
Let s = 1216 + -1192. What is the remainder when 81 is divided by s?
9
Suppose 3*u + 298 = 7. Let g = -60 - u. What is the remainder when g is divided by 10?
7
Let u(s) = s**2 + 4*s**2 - 3*s**2 + s. Let g = -17 - -33. What is the remainder when u(-5) is divided by g?
13
Let f(j) = 4*j**3 - 3*j**2 - 3*j + 1. Suppose -4*n + 10 = 2*x, -5*n + 19 - 7 = 3*x. What is the remainder when f(n) is divided by 37?
36
Suppose -3*m + 8*m - 255 = y, 175 = 4*m + 5*y. Let d = m + -29. What is the remainder when 39 is divided by d?
18
Let f be 42/(-4) + (56/16 - 4). Let d = f + 35. What is the remainder when 90 is divided by d?
18
Suppose -128 = -8*l + 4*l. Let o = -143 + 160. What is the remainder when l is divided by o?
15
Let k(o) = -2*o**2 - 39*o + 103. Calculate the remainder when 44 is divided by k(-21).
4
Let a = -4 + 2. Let v(o) be the third derivative of o**5/10 + o**4/12 - o**3/6 - 18*o**2. Calculate the remainder when 54 is divided by v(a).
16
Suppose 0*a + 6 = 2*a, -2*y + 2*a = 0. Suppose 0 = 47*r - 54*r + 112. Calculate the remainder when ((-47)/y)/(2/(-6)) is divided by r.
15
Suppose 78 = 2*i + 2*j, 12*j - 10*j = 4*i - 138. What is the remainder when 143 is divided by i?
35
Calculate the remainder when 113 is divided by -19*4/(-2)*27/18.
56
Let k(b) = -b**3 + 6*b - 1. Suppose 74*l = 72*l - 8. Calculate the remainder when k(l) is divided by 20.
19
Suppose -3*f + 167 = -y, 0 = 4*f - 4*y + 114 - 326. Suppose -3*v = -k - 156, v - 3*k = -k + f. Calculate the remainder when v is divided by 14.
9
Let w = 6 - 23. Let b = w + 102. Suppose -4*j = -7 - b. What is the remainder when j is divided by 12?
11
Let q(o) = 25*o + 143. Calculate the remainder when 347 is divided by q(-4).
3
Calculate the remainder when -278*((-209)/22 - -9) is divided by 44.
7
Suppose 0 = 3*f + 4*o - 1107, -3*f = -21*o + 26*o - 1107. What is the remainder when f is divided by 12?
9
Let k be 5/1*16/40. Suppose 0 = 5*n - k*j + 4*j - 78, -26 = -n - 3*j. Calculate the remainder when 27 is divided by n.
13
Let h(s) = -3*s + 5. Let r = 125 - 233. Let v = 185 + r. What is the remainder when v is divided by h(-5)?
17
Suppose -2*y = 5*l - 35, 5*y - 3*y - 4*l + 10 = 0. What is the remainder when (y - 1 - 0)/(21/42) is divided by 7?
1
Calculate the remainder when 529 is divided by ((-79)/(-5) - 1) + 128/(-160).
11
Suppose -4*m = 3*u - 197, -4*u - 4*m = -0*u - 264. Calculate the remainder when u is divided by 47.
20
Let t = 1649 - 1606. What is the remainder when 299 is divided by t?
41
Let q = -291 - -378. What is the remainder when 95 is divided by q?
8
Let c(k) = k**3 + 5*k**2 - 7*k - 3. Let l = 16 + -9. What is the remainder when l is divided by c(-6)?
1
Suppose k - 5*t - 51 = -2*k, -t - 3 = 0. Suppose -k*w = -20 - 124. Calculate the remainder when 25 is divided by w.
1
Suppose 2*g = -g + 4*c - 18, -1 = 2*g + c. What is the remainder when 28 is divided by (20/(2 + -7))/(g/8)?
12
Suppose -5*b + 855 = -5*y, -5*y = b - 10*y - 151. Let s be (-6 + 4)/(6/(-15)). Suppose -b = -s*o + o. What is the remainder when o is divided by 23?
21
Let m = -23 - -39. Suppose -8*i + 140 = -4*i. Suppose -4*l + 2*b = -l - 88, l = -5*b + i. What is the remainder when l is divided 